5, what is -1 + -7?
-8
In base 5, what is -10 + 1140?
1130
In base 3, what is 1012 + 12011?
20100
In base 5, what is -2333 + -103?
-2441
In base 5, what is -2 + -11421?
-11423
In base 15, what is 10 - -80?
90
In base 12, what is -2 + 98?
96
In base 3, what is 102001 + 100?
102101
In base 2, what is 11010010 + -11?
11001111
In base 12, what is 2 + 92?
94
In base 5, what is -1141 + -201?
-1342
In base 6, what is -245 + -11?
-300
In base 15, what is 5 + -2e?
-29
In base 9, what is -3 + 78?
75
In base 11, what is 69 - -11?
7a
In base 15, what is 4e + 3?
52
In base 9, what is 2 - -364?
366
In base 8, what is -2 + 2122?
2120
In base 15, what is 40 - -2?
42
In base 13, what is 5 - -30?
35
In base 15, what is -31 - -44?
13
In base 7, what is 2 + -10?
-5
In base 2, what is -101100 - -11?
-101001
In base 6, what is 10 - -2123?
2133
In base 4, what is 221 + -3232?
-3011
In base 7, what is 3 + -53?
-50
In base 4, what is -233 - 10?
-303
In base 16, what is -2f + 41?
12
In base 16, what is 8 + -4?
4
In base 10, what is 197 - 6?
191
In base 3, what is -101 + 10012?
2211
In base 11, what is 4 + -296?
-292
In base 12, what is 3a - 8?
32
In base 15, what is -48 - 9?
-52
In base 8, what is -2 - -122?
120
In base 2, what is 0 + 100001010001?
100001010001
In base 8, what is -5 - 235?
-242
In base 8, what is -4324 - 2?
-4326
In base 4, what is -3 + 12203?
12200
In base 10, what is -23 - 140?
-163
In base 15, what is 3 - 727?
-724
In base 9, what is 10 - -106?
116
In base 4, what is 21 + 2222?
2303
In base 10, what is 6 + 108?
114
In base 15, what is -6 + 31?
2a
In base 8, what is -1130 - -1?
-1127
In base 14, what is c2 + 0?
c2
In base 15, what is a935 + -1?
a934
In base 3, what is 1001121 - -2?
1001200
In base 13, what is 1b8 - 29?
18c
In base 7, what is -16 + 14?
-2
In base 10, what is 4421 + -3?
4418
In base 11, what is -4 - -39?
35
In base 11, what is 0 - 607?
-607
In base 10, what is 2 + -24?
-22
In base 14, what is -3 + -6c?
-71
In base 11, what is 4 + -21?
-18
In base 15, what is -3c - 1?
-3d
In base 11, what is -1 - -71?
70
In base 7, what is -33 - -2?
-31
In base 10, what is 1223 - 1?
1222
In base 16, what is 752 + -2?
750
In base 7, what is 5 + 4?
12
In base 8, what is 161 - -1?
162
In base 4, what is 0 - -13231?
13231
In base 6, what is 40323 - 0?
40323
In base 6, what is -4 - -24?
20
In base 4, what is -303 + 33?
-210
In base 7, what is -2 + -130?
-132
In base 9, what is 126 - -4?
131
In base 2, what is 10 - -100110000111?
100110001001
In base 7, what is -11 - -63?
52
In base 4, what is -3 + 1121?
1112
In base 3, what is -1 - 2200?
-2201
In base 5, what is -1322 + -210?
-2032
In base 7, what is 13331 + -5?
13323
In base 13, what is -1772 - 2?
-1774
In base 11, what is 274 + -4?
270
In base 2, what is 1011100010 + 100?
1011100110
In base 5, what is 12 - 143?
-131
In base 15, what is -97 - -27?
-70
In base 7, what is -31 + -5?
-36
In base 8, what is 0 - 2137?
-2137
In base 6, what is -1 - 114?
-115
In base 6, what is -13 + 5?
-4
In base 3, what is -1 + 212002?
212001
In base 9, what is -366 - -5?
-361
In base 15, what is 19 - -10?
29
In base 12, what is -5 + 68?
63
In base 14, what is -281 + 1?
-280
In base 12, what is 1653 + -2?
1651
In base 6, what is -412 + -10?
-422
In base 3, what is -21 - 111?
-202
In base 2, what is -100 - 1001010000111?
-1001010001011
In base 2, what is -1111011101 + 1?
-1111011100
In base 11, what is -10 + 66?
56
In base 3, what is -2 - -12021?
12012
In base 12, what is -35 + 1?
-34
In base 6, what is 4035 - 3?
4032
In base 15, what is -20e - 8?
-217
In base 4, what is 102 - 220?
-112
In base 7, what is 201 - -12?
213
In base 2, what is -11100 + -10111?
-110011
In base 10, what is -82 - 5?
-87
In base 4, what is 1201 - 130?
1011
In base 10, what is 2 + -8?
-6
In base 14, what is -16 + -4?
-1a
In base 7, what is -1021 - -2?
-1016
In base 11, what is 8 + 4?
11
In base 11, what is -2469 + 6?
-2463
In base 11, what is -339a - -1?
-3399
In base 4, what is 3232 - 32?
3200
In base 7, what is 0 + -4161?
-4161
In base 7, what is -1 + 1503?
1502
In base 15, what is -8b - 21?
-ac
In base 16, what is -195a + -5?
-195f
In base 13, what is 30c2 + 2?
30c4
In base 11, what is -473a - 1?
-4740
In base 2, what is -10100111100 + 1010?
-10100110010
In base 4, what is 113 - -132?
311
In base 4, what is 322211 + 1?
322212
In base 15, what is 2 - -1913?
1915
In base 9, what is -1040 + 8?
-1031
In base 10, what is 2 - 77?
-75
In base 16, what is -1b - -5?
-16
In base 14, what is -4c + -1?
-4d
In base 11, what is 280 - -3?
283
In base 10, what is -15 + 6?
-9
In base 6, what is -10205 - -4?
-10201
In base 4, what is 3222 - 0?
3222
In base 15, what is -d + -336?
-344
In base 13, what is 5 + 19?
21
In base 7, what is -1235 + -4?
-1242
In base 5, what is -30 - -13041?
13011
In base 13, what is b + -982?
-974
In base 12, what is 148 - -2?
14a
In base 14, what is 0 - 5a9?
-5a9
In base 13, what is -31 + -3?
-34
In base 4, what is -232 - 2?
-300
In base 13, what is bb - 43?
78
In base 11, what is -9 - 26?
-34
In base 14, what is -10 - 0?
-10
In base 8, what is -56 + -31?
-107
In base 7, what is -2256 + -22?
-2311
In base 10, what is -268 - 7?
-275
In base 2, what is -1100 - 1110?
-11010
In base 9, what is -42 - -10?
-32
In base 4, what is -1132 + -2?
-1200
In base 10, what is -4 - -304?
300
In base 9, what is -367 + -4?
-372
In base 5, what is -21 - 3?
-24
In base 10, what is 8 + -1731?
-1723
In base 2, what is -1101 + 10101?
1000
In base 16, what is 23c - 0?
23c
In base 16, what is -11 - -20?
f
In base 8, what is -222 - -5?
-215
In base 14, what is -2 + -3d5?
-3d7
In base 11, what is 5 + 3607?
3611
In base 14, what is 2 - 47?
-45
In base 4, what is 2 + -302?
-300
In base 8, what is -45 - -1?
-44
In base 15, what is 7 + 1?
8
In base 13, what is -2482 + 5?
-247a
In base 5, what is 31341 + 10?
31401
In base 10, what is 345 + 9?
354
In base 11, what is -22a35 + 5?
-22a30
In base 6, what is 3 + 155?
202
In base 2, what is 10 - 10010?
-10000
In base 16, what is -116 + 4?
-112
In base 8, what is -2 - -51?
47
In base 7, what is 3 - 145?
-142
In base 15, what is -1b - -1c?
1
In base 4, what is -1201 + -3?
-1210
In base 13, what is 10 - -7c?
8c
In base 11, what is 6a8 + 5?
702
In base 12, what is -28 + b?
-19
In base 6, what is -3 + -442?
-445
In base 12, what is 1 - 16?
-15
In base 10, what is -94 + 185?
91
In base 10, what is -45 - -91?
46
In base 16, what is 1 + -e45?
-e44
In base 15, what is 5 + -126?
-121
In base 13, what is 2b9 - 1?
2b8
In base 4, what is 32202 - -1?
32203
In base 11, what is -54 - -80?
27
In base 7, what is -3025 + 0?
-3025
In base 8, what is 2576 - 1?
2575
In base 9, what is 3 - -101?
104
In base 15, what is 128 + 20?
148
In base 3, what is 2100 - -11?
2111
In base 2, what is -110 - -10001100?
10000110
In base 6, what is 32412 + 3?
32415
In base 5, what is 3 - -21?
24
In base 16, what is -10e5 + 1?
-10e4
In base 13, what is 1 - 44?
-43
In base 16, what is 0 + -167?
-167
In base 11, what is 1a7 - -5?
201
In base 7, what is -15 - -1025?
1010
In base 9, what is 1 - 731?
-730
In base 3, what is -202021 - -12?
-202002
In base 3, what is 20211 + -2?
20202
In base 12, what is 1 + 1373?
1374
In base 8, what is 533 - -41?
574
In base 13, what is -63 + -1?
-64
In base 15, what is -4 + -19?
-1d
In base 4, what is -3 - -12120?
12111
In base 16, what is -6 - -10b?
105
In base 2, what is -100101 - 1000011?
-1101000
In base 2, what is 101110111 - 0?
101110111
In base 11, what is -3 - -1544?
1541
In base 15, what is -a1 + 3?
-9d
In base 8, what is 5 - 532?
-525
In base 10, what is -5 + -1665?
-1670
In base 11, what is 1192 - -3?
1195
In base 13, what is -2 - 1bb?
-1c0
In base 6, what is -4 + -122?
-130
In base 11, what is 4 + -1?
3
In base 16, what is 2dc4 - -3?
2dc7
In base 14, what is 1b + 3c7?
404
In base 6, what is 51 + -11?
40
In base 13, what is 44 - -2?
46
In base 10, what is -202 - -2?
-200
In base 2, what is 1000 - -1110111?
1111111
In base 2, what is 0 + -1111?
-1111
In base 15, what is -261 - 5?
-266
In base 15, what is -1515 + 1?
-1514
In base 6, what is -1214 - 4?
-1222
In base 5, what is 114 - 4433?
-4314
In base 2, what is -1111011010110 + -1?
-1111011010111
In base 7, what is 26 + 10?
36
In base 16, what is -3 - -157?
154
In base 9, what is